[INFO] fetching crate hashbrown_tstd 0.7.1...
[INFO] checking hashbrown_tstd-0.7.1 against try#72f88fc4e9458f89516a0b8b0868f3718aec5b47 for pr-74989
[INFO] extracting crate hashbrown_tstd 0.7.1 into /workspace/builds/worker-4/source
[INFO] validating manifest of crates.io crate hashbrown_tstd 0.7.1 on toolchain 72f88fc4e9458f89516a0b8b0868f3718aec5b47
[INFO] running `Command { std: "/workspace/cargo-home/bin/cargo" "+72f88fc4e9458f89516a0b8b0868f3718aec5b47" "read-manifest" "--manifest-path" "Cargo.toml", kill_on_drop: false }`
[INFO] started tweaking crates.io crate hashbrown_tstd 0.7.1
[INFO] finished tweaking crates.io crate hashbrown_tstd 0.7.1
[INFO] tweaked toml for crates.io crate hashbrown_tstd 0.7.1 written to /workspace/builds/worker-4/source/Cargo.toml
[INFO] running `Command { std: "/workspace/cargo-home/bin/cargo" "+72f88fc4e9458f89516a0b8b0868f3718aec5b47" "generate-lockfile" "--manifest-path" "Cargo.toml" "-Zno-index-update", kill_on_drop: false }`
[INFO] running `Command { std: "/workspace/cargo-home/bin/cargo" "+72f88fc4e9458f89516a0b8b0868f3718aec5b47" "fetch" "--locked" "--manifest-path" "Cargo.toml", kill_on_drop: false }`
[INFO] [stderr]  Downloading crates ...
[INFO] [stderr]   Downloaded rustc-hash v1.0.1
[INFO] [stderr]   Downloaded serde_test v1.0.116
[INFO] running `Command { std: "docker" "create" "-v" "/var/lib/crater-agent-workspace/builds/worker-4/target:/opt/rustwide/target:rw,Z" "-v" "/var/lib/crater-agent-workspace/builds/worker-4/source:/opt/rustwide/workdir:ro,Z" "-v" "/var/lib/crater-agent-workspace/cargo-home:/opt/rustwide/cargo-home:ro,Z" "-v" "/var/lib/crater-agent-workspace/rustup-home:/opt/rustwide/rustup-home:ro,Z" "-e" "SOURCE_DIR=/opt/rustwide/workdir" "-e" "CARGO_TARGET_DIR=/opt/rustwide/target" "-e" "CARGO_HOME=/opt/rustwide/cargo-home" "-e" "RUSTUP_HOME=/opt/rustwide/rustup-home" "-w" "/opt/rustwide/workdir" "-m" "1610612736" "--user" "0:0" "--network" "none" "rustops/crates-build-env@sha256:d92eaeed33fa75130ca1ee6c8a01d1ffb62bac859dfdfb3450e3e5d1c0146529" "/opt/rustwide/cargo-home/bin/cargo" "+72f88fc4e9458f89516a0b8b0868f3718aec5b47" "metadata" "--no-deps" "--format-version=1", kill_on_drop: false }`
[INFO] [stdout] bb6d3008c93ed73f47c1238273a438bc257060369fc9f61d2f851cfc8f52e17b
[INFO] [stderr] WARNING: Your kernel does not support swap limit capabilities or the cgroup is not mounted. Memory limited without swap.
[INFO] running `Command { std: "docker" "start" "-a" "bb6d3008c93ed73f47c1238273a438bc257060369fc9f61d2f851cfc8f52e17b", kill_on_drop: false }`
[INFO] running `Command { std: "docker" "inspect" "bb6d3008c93ed73f47c1238273a438bc257060369fc9f61d2f851cfc8f52e17b", kill_on_drop: false }`
[INFO] running `Command { std: "docker" "rm" "-f" "bb6d3008c93ed73f47c1238273a438bc257060369fc9f61d2f851cfc8f52e17b", kill_on_drop: false }`
[INFO] [stdout] bb6d3008c93ed73f47c1238273a438bc257060369fc9f61d2f851cfc8f52e17b
[INFO] running `Command { std: "docker" "create" "-v" "/var/lib/crater-agent-workspace/builds/worker-4/target:/opt/rustwide/target:rw,Z" "-v" "/var/lib/crater-agent-workspace/builds/worker-4/source:/opt/rustwide/workdir:ro,Z" "-v" "/var/lib/crater-agent-workspace/cargo-home:/opt/rustwide/cargo-home:ro,Z" "-v" "/var/lib/crater-agent-workspace/rustup-home:/opt/rustwide/rustup-home:ro,Z" "-e" "SOURCE_DIR=/opt/rustwide/workdir" "-e" "CARGO_TARGET_DIR=/opt/rustwide/target" "-e" "CARGO_INCREMENTAL=0" "-e" "RUST_BACKTRACE=full" "-e" "RUSTFLAGS=--cap-lints=forbid" "-e" "CARGO_HOME=/opt/rustwide/cargo-home" "-e" "RUSTUP_HOME=/opt/rustwide/rustup-home" "-w" "/opt/rustwide/workdir" "-m" "1610612736" "--user" "0:0" "--network" "none" "rustops/crates-build-env@sha256:d92eaeed33fa75130ca1ee6c8a01d1ffb62bac859dfdfb3450e3e5d1c0146529" "/opt/rustwide/cargo-home/bin/cargo" "+72f88fc4e9458f89516a0b8b0868f3718aec5b47" "check" "--frozen" "--all" "--all-targets" "--message-format=json", kill_on_drop: false }`
[INFO] [stderr] WARNING: Your kernel does not support swap limit capabilities or the cgroup is not mounted. Memory limited without swap.
[INFO] [stdout] 725747dc914091b07d5c9f7e78babc22723859bf2812d042a2916244808f1c90
[INFO] running `Command { std: "docker" "start" "-a" "725747dc914091b07d5c9f7e78babc22723859bf2812d042a2916244808f1c90", kill_on_drop: false }`
[INFO] [stderr]    Compiling getrandom v0.1.15
[INFO] [stderr]    Compiling cfg-if v0.1.10
[INFO] [stderr]    Compiling proc-macro-hack v0.5.18
[INFO] [stderr]    Compiling serde v1.0.116
[INFO] [stderr]    Compiling byteorder v1.3.4
[INFO] [stderr]    Compiling doc-comment v0.3.3
[INFO] [stderr]     Checking ppv-lite86 v0.2.9
[INFO] [stderr]    Compiling hashbrown_tstd v0.7.1 (/opt/rustwide/workdir)
[INFO] [stderr]    Compiling libc v0.2.77
[INFO] [stderr]     Checking rand_core v0.5.1
[INFO] [stderr]     Checking rand_pcg v0.2.1
[INFO] [stderr]     Checking rand_chacha v0.2.2
[INFO] [stderr]     Checking rustc-hash v1.0.1
[INFO] [stderr]     Checking rand v0.7.3
[INFO] [stderr]    Compiling const-random-macro v0.1.8
[INFO] [stderr]     Checking const-random v0.1.8
[INFO] [stderr]     Checking ahash v0.3.8
[INFO] [stderr]     Checking serde_test v1.0.116
[INFO] [stdout] error[E0433]: failed to resolve: use of undeclared type or module `hashbrown`
[INFO] [stdout]   --> benches/bench.rs:11:5
[INFO] [stdout]    |
[INFO] [stdout] 11 | use hashbrown::hash_map::DefaultHashBuilder;
[INFO] [stdout]    |     ^^^^^^^^^ use of undeclared type or module `hashbrown`
[INFO] [stdout] 
[INFO] [stdout] 
[INFO] [stdout] error[E0432]: unresolved import `hashbrown`
[INFO] [stdout]   --> benches/bench.rs:12:5
[INFO] [stdout]    |
[INFO] [stdout] 12 | use hashbrown::HashMap;
[INFO] [stdout]    |     ^^^^^^^^^ use of undeclared type or module `hashbrown`
[INFO] [stdout] 
[INFO] [stdout] 
[INFO] [stdout] error[E0432]: unresolved import `hashbrown`
[INFO] [stdout]  --> tests/hasher.rs:5:5
[INFO] [stdout]   |
[INFO] [stdout] 5 | use hashbrown::HashSet;
[INFO] [stdout]   |     ^^^^^^^^^ use of undeclared type or module `hashbrown`
[INFO] [stdout] 
[INFO] [stdout] 
[INFO] [stdout] error[E0433]: failed to resolve: use of undeclared type or module `hashbrown`
[INFO] [stdout]   --> tests/hasher.rs:26:13
[INFO] [stdout]    |
[INFO] [stdout] 26 |     check::<hashbrown::hash_map::DefaultHashBuilder>();
[INFO] [stdout]    |             ^^^^^^^^^ use of undeclared type or module `hashbrown`
[INFO] [stdout] 
[INFO] [stdout] 
[INFO] [stdout] error[E0412]: cannot find type `DefaultHashBuilder` in this scope
[INFO] [stdout]   --> benches/bench.rs:18:37
[INFO] [stdout]    |
[INFO] [stdout] 18 | type AHashMap<K, V> = HashMap<K, V, DefaultHashBuilder>;
[INFO] [stdout]    |                                     ^^^^^^^^^^^^^^^^^^ not found in this scope
[INFO] [stdout]    |
[INFO] [stdout] help: consider importing this type alias
[INFO] [stdout]    |
[INFO] [stdout] 9  | use hashbrown_tstd::hash_map::DefaultHashBuilder;
[INFO] [stdout]    |
[INFO] [stdout] 
[INFO] [stdout] 
[INFO] [stdout] error[E0432]: unresolved import `hashbrown`
[INFO] [stdout]  --> tests/set.rs:3:5
[INFO] [stdout]   |
[INFO] [stdout] 3 | use hashbrown::HashSet;
[INFO] [stdout]   |     ^^^^^^^^^ use of undeclared type or module `hashbrown`
[INFO] [stdout] 
[INFO] [stdout] 
[INFO] [stdout] error: aborting due to 2 previous errors
[INFO] [stdout] 
[INFO] [stdout] 
[INFO] [stdout] Some errors have detailed explanations: E0432, E0433.
[INFO] [stdout] 
[INFO] [stdout] For more information about an error, try `rustc --explain E0432`.
[INFO] [stdout] 
[INFO] [stderr] error: could not compile `hashbrown_tstd`.
[INFO] [stderr] 
[INFO] [stderr] To learn more, run the command again with --verbose.
[INFO] [stderr] warning: build failed, waiting for other jobs to finish...
[INFO] [stdout] error: aborting due to previous error
[INFO] [stdout] 
[INFO] [stdout] 
[INFO] [stdout] For more information about this error, try `rustc --explain E0432`.
[INFO] [stdout] 
[INFO] [stdout] error: aborting due to 3 previous errors
[INFO] [stdout] 
[INFO] [stdout] 
[INFO] [stdout] Some errors have detailed explanations: E0412, E0432, E0433.
[INFO] [stdout] 
[INFO] [stdout] For more information about an error, try `rustc --explain E0412`.
[INFO] [stdout] 
[INFO] [stderr] error: build failed
[INFO] running `Command { std: "docker" "inspect" "725747dc914091b07d5c9f7e78babc22723859bf2812d042a2916244808f1c90", kill_on_drop: false }`
[INFO] running `Command { std: "docker" "rm" "-f" "725747dc914091b07d5c9f7e78babc22723859bf2812d042a2916244808f1c90", kill_on_drop: false }`
[INFO] [stdout] 725747dc914091b07d5c9f7e78babc22723859bf2812d042a2916244808f1c90
